{"id":7805,"date":"2018-07-23T03:57:26","date_gmt":"2018-07-23T03:57:26","guid":{"rendered":"http:\/\/96.31.30.43\/?page_id=7805"},"modified":"2025-10-08T12:14:17","modified_gmt":"2025-10-08T17:14:17","slug":"start-of-school","status":"publish","type":"page","link":"https:\/\/mocfv.org\/index.php\/start-of-school\/","title":{"rendered":"Start of School"},"content":{"rendered":"<div id=\"cs-content\" class=\"cs-content\"><div class=\"x-section e7805-e1 m60t-0 m60t-1\"><div class=\"x-bg\" aria-hidden=\"true\"><div class=\"x-bg-layer-lower-color\"><\/div><div class=\"x-bg-layer-upper-image\"><\/div><\/div><div class=\"x-container max width e7805-e2 m60t-3\"><div class=\"x-column x-sm x-1-1 e7805-e3 m60t-4\"><h2  class=\"h-custom-headline h2\" style=\"color: hsl(0, 0%, 100%);\"><span>START OF SCHOOL<\/span><\/h2><hr class=\"x-line e7805-e5 m60t-5 m60t-6\"\/><\/div><\/div><\/div><div class=\"x-section e7805-e6 m60t-1 m60t-2\"><div class=\"x-container max width e7805-e7 m60t-3\"><div class=\"x-column x-sm x-1-1 e7805-e8 m60t-4\"><hr class=\"x-line e7805-e9 m60t-6 m60t-7\"\/><\/div><\/div><div class=\"x-container max width e7805-e10 m60t-3\"><div class=\"x-column x-sm x-1-2 e7805-e11 m60t-4\"><a  class=\"x-btn x-btn-global x-btn-block\"  href=\"https:\/\/mocfv.org\/wp-content\/uploads\/2025\/07\/25-26-RegNewsletterEnglish.pdf\"  target=\"_blank\" rel=\"noopener noreferrer\"   data-options=\"thumbnail: ''\">Registration Newsletter 2025<\/a><hr class=\"x-line e7805-e13 m60t-5 m60t-6\"\/><a  class=\"x-btn x-btn-global x-btn-block\"  href=\"https:\/\/mocfv.org\/wp-content\/uploads\/2025\/07\/25-26-RegNewsletter-Spanish.pdf\"  target=\"_blank\" rel=\"noopener noreferrer\"   data-options=\"thumbnail: ''\">Bolet\u00edn de Matr\u00edcula Escolar 2025<\/a><hr class=\"x-line e7805-e15 m60t-5 m60t-6\"\/><a  class=\"x-btn x-btn-global x-btn-block\"  href=\"https:\/\/mocfv.org\/wp-content\/uploads\/2022\/07\/22-23CampusReg-Instructions.pdf\"  target=\"_blank\" rel=\"noopener noreferrer\"   data-options=\"thumbnail: ''\">Registration Instructions<\/a><hr class=\"x-line e7805-e17 m60t-5 m60t-6\"\/><div class=\"x-text x-content e7805-e18 m60t-8\"><h4>Supply Lists<\/h4><\/div><hr class=\"x-line e7805-e19 m60t-9\"\/><hr class=\"x-line e7805-e20 m60t-5 m60t-6\"\/><a  class=\"x-btn x-btn-global x-btn-block\"  href=\"https:\/\/mocfv.org\/wp-content\/uploads\/2025\/07\/25-26School-Supply-Lists-Complete.pdf\"  target=\"_blank\" rel=\"noopener noreferrer\"   data-options=\"thumbnail: ''\">All Students 2025<\/a><hr class=\"x-line e7805-e22 m60t-5 m60t-6\"\/><a  class=\"x-btn x-btn-global x-btn-block\"  href=\"https:\/\/mocfv.org\/wp-content\/uploads\/2025\/07\/25-26-School-Supply-Lists-SPANISH.pdf\"  target=\"_blank\" rel=\"noopener noreferrer\"   data-options=\"thumbnail: ''\">Lista de \u00datiles Escolares 2025<\/a><hr class=\"x-line e7805-e24 m60t-6 m60t-7\"\/><div class=\"x-text x-content e7805-e25 m60t-8\"><h4>Transportation<\/h4><\/div><hr class=\"x-line e7805-e26 m60t-9\"\/><hr class=\"x-line e7805-e27 m60t-5 m60t-6\"\/><a  class=\"x-btn x-btn-global x-btn-block\"  href=\"https:\/\/forms.gle\/m3ns7WCT6Jz4DjR46\"  target=\"_blank\" rel=\"noopener noreferrer\"   data-options=\"thumbnail: ''\">Transportation Sign-up<\/a><hr class=\"x-line e7805-e29 m60t-5 m60t-6\"\/><a  class=\"x-btn x-btn-global x-btn-block\"  href=\"https:\/\/mocfv.org\/wp-content\/uploads\/2018\/07\/2016_Bus_Safety_Info.pdf\"  target=\"_blank\" rel=\"noopener noreferrer\"   data-options=\"thumbnail: ''\">Bus Safety<\/a><hr class=\"x-line e7805-e31 m60t-6 m60t-7\"\/><div class=\"x-text x-content e7805-e32 m60t-8\"><h4>Athletics<em><\/em><\/h4><\/div><hr class=\"x-line e7805-e33 m60t-9\"\/><hr class=\"x-line e7805-e34 m60t-5 m60t-6\"\/><a  class=\"x-btn x-btn-global x-btn-block\"  href=\"https:\/\/mocfv.org\/wp-content\/uploads\/2025\/10\/Bound-Instructions.pdf\"  target=\"_blank\" rel=\"noopener noreferrer\"   data-options=\"thumbnail: ''\">Athlete Registration - Bound<\/a><hr class=\"x-line e7805-e36 m60t-5 m60t-6\"\/><a  class=\"x-btn x-btn-global x-btn-block\"  href=\"https:\/\/mocfv.org\/wp-content\/uploads\/2025\/10\/Bound-Instructions_Spanish.pdf\"  target=\"_blank\" rel=\"noopener noreferrer\"   data-options=\"thumbnail: ''\">Informaci\u00f3n de Registro de Atletas - Bound<\/a><hr class=\"x-line e7805-e38 m60t-5 m60t-6\"\/><a  class=\"x-btn x-btn-global x-btn-block\"  href=\"https:\/\/mocfv.org\/wp-content\/uploads\/2025\/10\/MOC-FloydValley-QR.pdf\"  target=\"_blank\" rel=\"noopener noreferrer\"   data-options=\"thumbnail: ''\">MOC-Floyd Valley QR - Bound<\/a><hr class=\"x-line e7805-e40 m60t-5 m60t-6\"\/><a  class=\"x-btn x-btn-global x-btn-block\"  href=\"https:\/\/mocfv.org\/wp-content\/uploads\/2023\/05\/physical-form-updated-2022.pdf\"  target=\"_blank\" rel=\"noopener noreferrer\"   data-options=\"thumbnail: ''\">Student Physical Form<\/a><hr class=\"x-line e7805-e42 m60t-5 m60t-6\"\/><a  class=\"x-btn x-btn-global x-btn-block\"  href=\"https:\/\/mocfv.org\/wp-content\/uploads\/2022\/07\/PreparticipationPhysicalFormSpanish.pdf\"  target=\"_blank\" rel=\"noopener noreferrer\"   data-options=\"thumbnail: ''\">Atl\u00e9tico Examen F\u00edsico<\/a><div class=\"x-text x-content e7805-e44 m60t-8\"><p><\/p>\n<p><strong><em>*make sure parent signature is provided<\/em><\/strong><\/p><\/div><hr class=\"x-line e7805-e45 m60t-6 m60t-7\"\/><div class=\"x-text x-content e7805-e46 m60t-8\"><h4>Infinite Campus<em><\/em><\/h4><\/div><hr class=\"x-line e7805-e47 m60t-9\"\/><hr class=\"x-line e7805-e48 m60t-5 m60t-6\"\/><a  class=\"x-btn x-btn-global x-btn-block\"  href=\"https:\/\/mocfloydvalleyia.infinitecampus.org\/campus\/portal\/moc_floyd_valley.jsp\"  target=\"_blank\" rel=\"noopener noreferrer\"   data-options=\"thumbnail: ''\">Infinite Campus<\/a><hr class=\"x-line e7805-e50 m60t-6 m60t-7\"\/><div class=\"x-text x-content e7805-e51 m60t-8\"><h4>Lunch Application<em><\/em><\/h4><\/div><hr class=\"x-line e7805-e52 m60t-9\"\/><hr class=\"x-line e7805-e53 m60t-5 m60t-6\"\/><a  class=\"x-btn x-btn-global x-btn-block\"  href=\"https:\/\/mocfv.org\/wp-content\/uploads\/2025\/08\/SY-2025-26-Iowa-Free-and-Reduce-Price-Meal-Application.pdf\"  target=\"_blank\" rel=\"noopener noreferrer\"   data-options=\"thumbnail: ''\">Application Form<\/a><hr class=\"x-line e7805-e55 m60t-5 m60t-6\"\/><a  class=\"x-btn x-btn-global x-btn-block\"  href=\"https:\/\/mocfv.org\/wp-content\/uploads\/2025\/08\/Part-3-How-To-Apply-For-Free-and-Reduced-Price-School-Meals.pdf\"  target=\"_blank\" rel=\"noopener noreferrer\"   data-options=\"thumbnail: ''\">How to Apply<\/a><hr class=\"x-line e7805-e57 m60t-5 m60t-6\"\/><a  class=\"x-btn x-btn-global x-btn-block\"  href=\"https:\/\/mocfv.org\/wp-content\/uploads\/2025\/08\/Part-2-Information-Letter.pdf\"  target=\"_blank\" rel=\"noopener noreferrer\"   data-options=\"thumbnail: ''\">Information Letter<\/a><hr class=\"x-line e7805-e59 m60t-5 m60t-6\"\/><a  class=\"x-btn x-btn-global x-btn-block\"  href=\"https:\/\/mocfv.org\/wp-content\/uploads\/2025\/08\/Spanish-SY-2025-26-free-and-reduced-price-application.pdf\"  target=\"_blank\" rel=\"noopener noreferrer\"   data-options=\"thumbnail: ''\">Formulario de Aplicaci\u00f3n<\/a><hr class=\"x-line e7805-e61 m60t-5 m60t-6\"\/><a  class=\"x-btn x-btn-global x-btn-block\"  href=\"https:\/\/mocfv.org\/wp-content\/uploads\/2025\/08\/Spanish-Part-3_HowToApplyForFreeandReducedPriceMeals.pdf\"  target=\"_blank\" rel=\"noopener noreferrer\"   data-options=\"thumbnail: ''\">C\u00f3mo Hacer su Solicitud<\/a><hr class=\"x-line e7805-e63 m60t-5 m60t-6\"\/><a  class=\"x-btn x-btn-global x-btn-block\"  href=\"https:\/\/mocfv.org\/wp-content\/uploads\/2025\/08\/Spanish-Part-2_InformationLetter.pdf\"  target=\"_blank\" rel=\"noopener noreferrer\"   data-options=\"thumbnail: ''\">Carta Informativa<\/a><\/div><div class=\"x-column x-sm x-1-2 e7805-e65 m60t-4\"><div class=\"x-text x-content e7805-e66 m60t-8\"><h4>Health Forms<\/h4><\/div><hr class=\"x-line e7805-e67 m60t-9\"\/><hr class=\"x-line e7805-e68 m60t-5 m60t-6\"\/><div class=\"x-text x-content e7805-e69 m60t-8\"><ul>\n \t<li><strong><a href=\"https:\/\/docs.google.com\/document\/d\/1pElMO9ZLzlOTsMFmz6jkYJuhZPCdcxSc\/edit?usp=sharing&amp;ouid=108244344609326680168&amp;rtpof=true&amp;sd=true\">Health Requirements for those entering: TK\/KG, 3rd, 7th, 9th, 12th grades<\/a><\/strong><\/li>\n \t<li><strong><strong><a href=\"https:\/\/mocfv.org\/wp-content\/uploads\/2018\/07\/Asthma_Inhaler_Permission.pdf\" rel=\"noopener\">Asthma Inhaler Permission<\/a><\/strong><\/strong><\/li>\n \t<li><strong><strong><a href=\"https:\/\/mocfv.org\/wp-content\/uploads\/2022\/09\/Certificate-of-Dental-Screening.pdf\">Certificate of Dental Screening<\/a><\/strong><\/strong><\/li>\n \t<li><strong><strong><a href=\"https:\/\/mocfv.org\/wp-content\/uploads\/2024\/02\/Certificate-of-Vision-Screening-2024-002.pdf\" rel=\"noopener\" data-wplink-url-error=\"true\">Certificate of Vision Screening<\/a><\/strong><\/strong><\/li>\n \t<li><strong><strong><a href=\"https:\/\/mocfv.org\/wp-content\/uploads\/2022\/07\/HeadsUpConcussionFactSheet.pdf\" rel=\"noopener\">Heads Up Concussion Fact Sheet<\/a><\/strong><\/strong>\n<ul>\n \t<li><strong><strong><a href=\"https:\/\/mocfv.org\/wp-content\/uploads\/2022\/07\/HeadsUpConcussionFactSheetSpanish.pdf\" rel=\"noopener\">AVISO: Conmoci\u00f3n cerebral<\/a><\/strong><\/strong><\/li>\n<\/ul>\n<\/li>\n \t<li><strong><strong><a href=\"https:\/\/mocfv.org\/wp-content\/uploads\/2025\/03\/Health-Information-For-TK-KG-Enrollement.pdf\" rel=\"noopener\">Health Requirements for TK &amp; Kindergarten<\/a><\/strong><\/strong>\n<ul>\n \t<li><strong><strong><a href=\"https:\/\/mocfv.org\/wp-content\/uploads\/2025\/03\/INFORMACION-DE-SALUD-PARA-LA-INSCRIPCION-EN-TKKINDERGARTEN.pdf\" rel=\"noopener\">Informaci\u00f3n de Salud para TK &amp; Kindergarten Enrolarse<\/a><\/strong><\/strong><\/li>\n<\/ul>\n<\/li>\n \t<li><strong><strong><a href=\"https:\/\/mocfv.org\/wp-content\/uploads\/2018\/07\/Immunization_Certificate.pdf\" rel=\"noopener\">Immunization Certificate<\/a><\/strong><\/strong><\/li>\n \t<li><strong><strong><a href=\"https:\/\/mocfv.org\/wp-content\/uploads\/2022\/07\/Insurance-Waiver-Form-Blank-22.pdf\" rel=\"noopener\">Insurance Waiver<\/a><\/strong><\/strong>\n<ul>\n \t<li><strong><strong><a href=\"https:\/\/mocfv.org\/wp-content\/uploads\/2022\/07\/Insurance-Waiver-Form-Spanish.pdf\" rel=\"noopener\">Informaci\u00f3n Sobre la Seguranza de Estudiante<\/a><\/strong><\/strong><\/li>\n<\/ul>\n<\/li>\n \t<li><strong><strong><a href=\"https:\/\/mocfv.org\/wp-content\/uploads\/2025\/03\/TK-Kindergarten-Checklist.pdf\" rel=\"noopener\">Kindergarten\/TK Checklist<\/a><\/strong><\/strong>\n<ul>\n \t<li><strong><strong><a href=\"https:\/\/mocfv.org\/wp-content\/uploads\/2025\/03\/Lista-de-verificacion-de-Kindergarten-y-TK.pdf\" rel=\"noopener\">Lista de verificaci\u00f3n de Kindergarten y TK<\/a><\/strong><\/strong><\/li>\n<\/ul>\n<\/li>\n \t<li><strong><strong><a href=\"https:\/\/mocfv.org\/wp-content\/uploads\/2018\/07\/Lead_Screening.pdf\" rel=\"noopener\">Lead Screening<\/a><\/strong><\/strong>\n<ul>\n \t<li><strong><strong><a href=\"https:\/\/mocfv.org\/wp-content\/uploads\/2018\/07\/spanish_Lead_Screening.pdf\" rel=\"noopener\">Examen De Plomo<\/a><\/strong><\/strong><\/li>\n<\/ul>\n<\/li>\n \t<li><strong><strong><a href=\"https:\/\/mocfv.org\/wp-content\/uploads\/2018\/07\/Lice_Parents.pdf\" rel=\"noopener\">Lice Information for Parents<\/a><\/strong><\/strong><\/li>\n \t<li><strong><strong><a href=\"https:\/\/mocfv.org\/wp-content\/uploads\/2018\/07\/Lice_Prevention_and_Control_for_Schools11_09.pdf\" rel=\"noopener\">Lice Prevention and Control for Schools<\/a><\/strong><\/strong><\/li>\n \t<li><strong><strong><a href=\"https:\/\/mocfv.org\/wp-content\/uploads\/2019\/08\/Medication-Authorization-and-Permission.pdf\" rel=\"noopener\">Medication Authorization<\/a><\/strong><\/strong><\/li>\n \t<li><strong><strong><a href=\"https:\/\/mocfv.org\/wp-content\/uploads\/2023\/05\/Physical-Form-for-MOCFV-2.pdf\" rel=\"noopener\">Non-athletic MOC-FV Physical Form<\/a><\/strong><\/strong><\/li>\n \t<li><strong><strong><a href=\"https:\/\/mocfv.org\/wp-content\/uploads\/2018\/07\/Assistance_HealthCare.pdf\" rel=\"noopener\">Resources for Assistance with Health Care<\/a><\/strong><\/strong><\/li>\n \t<li><strong><strong><a href=\"https:\/\/mocfv.org\/wp-content\/uploads\/2019\/08\/Smart-snack-list.pdf\" rel=\"noopener\">Smart Snack List<\/a><\/strong><\/strong><\/li>\n<\/ul><\/div><\/div><\/div><div class=\"x-container max width e7805-e70 m60t-3\"><div class=\"x-column x-sm x-1-1 e7805-e71 m60t-4\"><hr class=\"x-line e7805-e72 m60t-5 m60t-6\"\/><hr class=\"x-line e7805-e73 m60t-9\"\/><hr class=\"x-line e7805-e74 m60t-5 m60t-6\"\/><\/div><\/div><\/div><\/div>\n","protected":false},"excerpt":{"rendered":"<p>START OF SCHOOLRegistration Newsletter 2025Bolet\u00edn de Matr\u00edcula Escolar 2025Registration InstructionsSupply ListsAll Students 2025Lista de \u00datiles Escolares 2025TransportationTransportation Sign-upBus SafetyAthleticsAthlete Registration &#8211; BoundInformaci\u00f3n de Registro de Atletas &#8211; BoundMOC-Floyd Valley QR &#8211; BoundStudent Physical FormAtl\u00e9tico Examen F\u00edsico *make sure parent signature is providedInfinite CampusInfinite CampusLunch ApplicationApplication FormHow to ApplyInformation LetterFormulario de Aplicaci\u00f3nC\u00f3mo Hacer su SolicitudCarta InformativaHealth Forms Health Requirements for those &#8230; <\/p>\n<div><a href=\"https:\/\/mocfv.org\/index.php\/start-of-school\/\" class=\"more-link\">Read More<\/a><\/div>\n","protected":false},"author":1,"featured_media":0,"parent":0,"menu_order":0,"comment_status":"closed","ping_status":"closed","template":"template-blank-4.php","meta":{"rs_blank_template":"","rs_page_bg_color":"","slide_template_v7":"","footnotes":""},"class_list":["post-7805","page","type-page","status-publish","hentry","no-post-thumbnail"],"_links":{"self":[{"href":"https:\/\/mocfv.org\/index.php\/wp-json\/wp\/v2\/pages\/7805","targetHints":{"allow":["GET"]}}],"collection":[{"href":"https:\/\/mocfv.org\/index.php\/wp-json\/wp\/v2\/pages"}],"about":[{"href":"https:\/\/mocfv.org\/index.php\/wp-json\/wp\/v2\/types\/page"}],"author":[{"embeddable":true,"href":"https:\/\/mocfv.org\/index.php\/wp-json\/wp\/v2\/users\/1"}],"replies":[{"embeddable":true,"href":"https:\/\/mocfv.org\/index.php\/wp-json\/wp\/v2\/comments?post=7805"}],"version-history":[{"count":64,"href":"https:\/\/mocfv.org\/index.php\/wp-json\/wp\/v2\/pages\/7805\/revisions"}],"predecessor-version":[{"id":10665,"href":"https:\/\/mocfv.org\/index.php\/wp-json\/wp\/v2\/pages\/7805\/revisions\/10665"}],"wp:attachment":[{"href":"https:\/\/mocfv.org\/index.php\/wp-json\/wp\/v2\/media?parent=7805"}],"curies":[{"name":"wp","href":"https:\/\/api.w.org\/{rel}","templated":true}]}}